{"id":277,"date":"2020-05-21T13:14:00","date_gmt":"2020-05-21T13:14:00","guid":{"rendered":"https:\/\/sklep.metal-trade.pl\/?page_id=277"},"modified":"2020-05-30T22:45:03","modified_gmt":"2020-05-30T22:45:03","slug":"noze-do-dlutowania","status":"publish","type":"page","link":"https:\/\/sklep.metal-trade.pl\/","title":{"rendered":"No\u017ce do d\u0142utowania"},"content":{"rendered":"<h2 style=\"text-align: left;\">W ofercie naszej firmy znajd\u0105 Pa\u0144stwo szeroki asortyment m.in no\u017ce do d\u0142utowania oraz akcesoria dodatkowe w\u0142oskiego producenta REV Broaching Tools. Jeste\u015bmy autoryzowanym partnerem handlowym na terenie Polski.<\/h2>\n<h2 style=\"text-align: center;\"><img loading=\"lazy\" decoding=\"async\" class=\"size-full wp-image-2848 alignleft\" src=\"https:\/\/metal-trade.pl\/wp-content\/uploads\/2015\/08\/rev.png\" alt=\"\" width=\"171\" height=\"92\" \/><\/h2>\n<h3 style=\"text-align: justify;\">\u00a0<\/h3>\n<p><img loading=\"lazy\" decoding=\"async\" class=\"aligncenter wp-image-2965 size-full\" src=\"https:\/\/metal-trade.pl\/wp-content\/uploads\/2016\/05\/REV-35.jpg\" alt=\"no\u017ce do d\u0142utowania\" width=\"1600\" height=\"908\" \/><\/p>\n<p style=\"text-align: justify;\">Oferowane przez nasz\u0105 firm\u0119 no\u017ce do d\u0142utowania charakteryzuj\u0105 si\u0119 wysok\u0105 trwa\u0142o\u015bci\u0105 wynikaj\u0105c\u0105 z powlekania tlenkiem kobaltu co gwarantuje najwy\u017csz\u0105 precyzj\u0119 obr\u00f3bki, jak r\u00f3wnie\u017c wyd\u0142u\u017cony czas eksploatacji. <a href=\"https:\/\/sklep.metal-trade.pl\/?product_cat=narzedzia-do-rowkow-wpustowych\">No\u017ce do d\u0142utowania<\/a> REV posiadaj\u0105 ponadto mo\u017cliwo\u015b\u0107 nawet <a href=\"https:\/\/sklep.metal-trade.pl\/?product_cat=oprawki-do-ostrzenia-plytek-skrawajacych\">czterokrotnego ostrzenia<\/a> co sprawia, \u017ce zakup oferowanych przez nas narz\u0119dzi jest wysoce uzasadnionym zakupem w perspektywie kr\u00f3tko i d\u0142ugo terminowej.\u00a0<\/p>\n<p style=\"text-align: justify;\">W naszym sklepie znajd\u0105 Pa\u0144stwo niezb\u0119dne <a href=\"https:\/\/sklep.metal-trade.pl\/?product_cat=akcesoria\">akcesoria<\/a> pozwalaj\u0105ce na przystosowanie Pa\u0144stwa d\u0142utownicy, tokarki lub frezarki do systemu REV m.in adaptery uchwytowe, oprawki narz\u0119dziowe, systemy pozycjonuj\u0105ce, oprawki do ponownego ostrzenia, no\u017ce do d\u0142utowania oprawkowe,\u00a0 p\u0142ytki skrawaj\u0105ce itp. Posiadamy r\u00f3wnie\u017c dedykowane holdery do narz\u0119dzi,\u00a0metalowe o grubo\u015bci 3 mm, kt\u00f3re stanowi\u0105 doskona\u0142e rozwi\u0105zanie do utrzymywania porz\u0105dku narz\u0119dzi REV na maszynie.<br \/>Holdery wyst\u0119puj\u0105 w dw\u00f3ch podkategoriach: istniej\u0105 holdery oznaczone prefiksem ST-CNC, kt\u00f3re s\u0142u\u017c\u0105 do organizowania narz\u0119dzi do tokarek CNC lub centr\u00f3w obr\u00f3bczych CNC, a tak\u017ce maj\u0105 otw\u00f3r do dopasowania do mimo\u015brodowej tulei\u00a0 i inne holdery oznaczone prefiksem ST-SLO, kt\u00f3re s\u0105 u\u017cywane do narz\u0119dzi do maszyn do d\u0142utowania, kt\u00f3re z kolei posiadaj\u0105 otw\u00f3r do umieszczenia kwadratowego adaptera.<\/p>\n<p>W naszej ofercie znajd\u0105 Pa\u0144stwo r\u00f3wnie\u017c wielocz\u0119\u015bciowe zestawy narz\u0119dzi do d\u0142utownic lub tokarek, jest to rozwi\u0105zanie, kt\u00f3re REV oferuje ka\u017cdemu, kto potrzebuje wykona\u0107 wpusty w r\u00f3\u017cnych rozmiarach.<br \/>Gotowe zestawy zapewniaj\u0105 znaczne oszcz\u0119dno\u015bci w por\u00f3wnaniu z kosztem zakupu oddzielnych cz\u0119\u015bci.<\/p>\n<p>No\u017ce do d\u0142utowania REV to rozwi\u0105zanie gwarantuj\u0105ce uzyskanie i utrzymywanie parametr\u00f3w obr\u00f3bczych zawsze idealnie w granicach tolerancji.\u00a0<\/p>\n<p>Wychodz\u0105c na przeciw oczekiwaniom naszych klient\u00f3w, wykonujemy na zam\u00f3wienie tzw <a href=\"https:\/\/sklep.metal-trade.pl\/?product_cat=narzedzia-do-otworow-wieloklinowych-i-wielowypustow-modulowych\">specjalne no\u017ce do d\u0142utowania<\/a>, dzi\u0119ki czemu nasi klienci mog\u0105 podejmowa\u0107 si\u0119 wykonywania nawet najbardziej skomplikowanych operacji d\u0142utowania.<\/p>\n<p style=\"text-align: justify;\">Zach\u0119camy do zapoznania si\u0119 z nasz\u0105 ofert\u0105 i z\u0142o\u017cenia zam\u00f3wienia. Gwarantujemy termin realizacji do 5 dni roboczych od momentu wype\u0142nienia warunk\u00f3w zam\u00f3wienia.<\/p>\n<h4>Opr\u00f3cz sprzeda\u017cy narz\u0119dzi do d\u0142utowania, g\u0142\u00f3wn\u0105 specjalizacj\u0105 naszej firmy jest sprzeda\u017c maszyn m.in zaawansowanych <a href=\"https:\/\/metal-trade.pl\/maszyny\/obrobka-skrawaniem\/toczenie\/\">tokarek CNC<\/a>, oraz <a href=\"https:\/\/metal-trade.pl\/maszyny\/obrobka-skrawaniem\/dlutowanie\/dlutownice\/\">d\u0142utownic konwencjonalnych<\/a> i <a href=\"https:\/\/metal-trade.pl\/maszyny\/obrobka-skrawaniem\/dlutowanie\/dlutownice-cnc\/\">d\u0142utownic CNC<\/a>. Zach\u0119camy do zapoznania si\u0119 z nasz\u0105 ofert\u0105.<\/h4>\n<h4>W trosce o najwy\u017cszy standard obs\u0142ugi, jeste\u015bmy otwarci na Pa\u0144stwa sugestie w kwestii funkcjonalno\u015bci sklepu, lub asortymentu w ofercie. W przypadku jakichkolwiek pyta\u0144 lub sugestii prosimy o kontakt mailowy.<\/h4>\n<p>\u00a0<\/p>\n<h4>Dzi\u0119kujemy i \u017cyczymy udanych zakup\u00f3w !<\/h4><p><\/p>","protected":false},"excerpt":{"rendered":"<p>W ofercie naszej firmy znajd\u0105 Pa\u0144stwo szeroki asortyment m.in no\u017ce do d\u0142utowania oraz akcesoria dodatkowe w\u0142oskiego producenta REV Broaching Tools. Jeste\u015bmy autoryzowanym partnerem handlowym na terenie Polski. \u00a0 Oferowane przez nasz\u0105 firm\u0119 no\u017ce do d\u0142utowania charakteryzuj\u0105 si\u0119 wysok\u0105 trwa\u0142o\u015bci\u0105 wynikaj\u0105c\u0105 z powlekania tlenkiem kobaltu co gwarantuje najwy\u017csz\u0105 precyzj\u0119 obr\u00f3bki, jak r\u00f3wnie\u017c wyd\u0142u\u017cony czas eksploatacji. No\u017ce do d\u0142utowania REV posiadaj\u0105 ponadto mo\u017cliwo\u015b\u0107 nawet czterokrotnego ostrzenia co sprawia, \u017ce zakup oferowanych przez nas narz\u0119dzi jest wysoce uzasadnionym zakupem w perspektywie kr\u00f3tko i d\u0142ugo terminowej.\u00a0 W naszym sklepie znajd\u0105 Pa\u0144stwo niezb\u0119dne akcesoria pozwalaj\u0105ce&hellip;<\/p>\n","protected":false},"author":1,"featured_media":0,"parent":0,"menu_order":0,"comment_status":"closed","ping_status":"closed","template":"","meta":{"footnotes":""},"class_list":["post-277","page","type-page","status-publish","hentry"],"yoast_head":"<!-- This site is optimized with the Yoast SEO plugin v25.1 - https:\/\/yoast.com\/wordpress\/plugins\/seo\/ -->\n<title>No\u017ce do d\u0142utowania - elektroniczna Hurtownia narz\u0119dzi<\/title>\n<meta name=\"description\" content=\"No\u017ce do d\u0142utowania w\u0142oskiej firmy REV. Najwy\u017csza jako\u015b\u0107, powlekane tlenkiem kobaltu, gwarancja najwy\u017cszej trwa\u0142o\u015bci. Doskona\u0142e parametry skrawania.\" \/>\n<meta name=\"robots\" content=\"index, follow, max-snippet:-1, max-image-preview:large, max-video-preview:-1\" \/>\n<link rel=\"canonical\" href=\"https:\/\/sklep.metal-trade.pl\/\" \/>\n<meta property=\"og:locale\" content=\"pl_PL\" \/>\n<meta property=\"og:type\" content=\"article\" \/>\n<meta property=\"og:title\" content=\"No\u017ce do d\u0142utowania - elektroniczna Hurtownia narz\u0119dzi\" \/>\n<meta property=\"og:description\" content=\"No\u017ce do d\u0142utowania w\u0142oskiej firmy REV. Najwy\u017csza jako\u015b\u0107, powlekane tlenkiem kobaltu, gwarancja najwy\u017cszej trwa\u0142o\u015bci. Doskona\u0142e parametry skrawania.\" \/>\n<meta property=\"og:url\" content=\"https:\/\/sklep.metal-trade.pl\/\" \/>\n<meta property=\"og:site_name\" content=\"Hurtownia narz\u0119dzi\" \/>\n<meta property=\"article:modified_time\" content=\"2020-05-30T22:45:03+00:00\" \/>\n<meta name=\"twitter:card\" content=\"summary_large_image\" \/>\n<meta name=\"twitter:label1\" content=\"Szacowany czas czytania\" \/>\n\t<meta name=\"twitter:data1\" content=\"2 minuty\" \/>\n<script type=\"application\/ld+json\" class=\"yoast-schema-graph\">{\"@context\":\"https:\/\/schema.org\",\"@graph\":[{\"@type\":\"WebPage\",\"@id\":\"https:\/\/sklep.metal-trade.pl\/\",\"url\":\"https:\/\/sklep.metal-trade.pl\/\",\"name\":\"No\u017ce do d\u0142utowania - elektroniczna Hurtownia narz\u0119dzi\",\"isPartOf\":{\"@id\":\"https:\/\/sklep.metal-trade.pl\/#website\"},\"primaryImageOfPage\":{\"@id\":\"https:\/\/sklep.metal-trade.pl\/#primaryimage\"},\"image\":{\"@id\":\"https:\/\/sklep.metal-trade.pl\/#primaryimage\"},\"thumbnailUrl\":\"https:\/\/metal-trade.pl\/wp-content\/uploads\/2015\/08\/rev.png\",\"datePublished\":\"2020-05-21T13:14:00+00:00\",\"dateModified\":\"2020-05-30T22:45:03+00:00\",\"description\":\"No\u017ce do d\u0142utowania w\u0142oskiej firmy REV. Najwy\u017csza jako\u015b\u0107, powlekane tlenkiem kobaltu, gwarancja najwy\u017cszej trwa\u0142o\u015bci. Doskona\u0142e parametry skrawania.\",\"breadcrumb\":{\"@id\":\"https:\/\/sklep.metal-trade.pl\/#breadcrumb\"},\"inLanguage\":\"pl-PL\",\"potentialAction\":[{\"@type\":\"ReadAction\",\"target\":[\"https:\/\/sklep.metal-trade.pl\/\"]}]},{\"@type\":\"ImageObject\",\"inLanguage\":\"pl-PL\",\"@id\":\"https:\/\/sklep.metal-trade.pl\/#primaryimage\",\"url\":\"https:\/\/metal-trade.pl\/wp-content\/uploads\/2015\/08\/rev.png\",\"contentUrl\":\"https:\/\/metal-trade.pl\/wp-content\/uploads\/2015\/08\/rev.png\"},{\"@type\":\"BreadcrumbList\",\"@id\":\"https:\/\/sklep.metal-trade.pl\/#breadcrumb\",\"itemListElement\":[{\"@type\":\"ListItem\",\"position\":1,\"name\":\"Strona g\u0142\u00f3wna\",\"item\":\"https:\/\/sklep.metal-trade.pl\/\"},{\"@type\":\"ListItem\",\"position\":2,\"name\":\"No\u017ce do d\u0142utowania\"}]},{\"@type\":\"WebSite\",\"@id\":\"https:\/\/sklep.metal-trade.pl\/#website\",\"url\":\"https:\/\/sklep.metal-trade.pl\/\",\"name\":\"Hurtownia narz\u0119dzi\",\"description\":\"do obr\u00f3bki skrawaniem\",\"publisher\":{\"@id\":\"https:\/\/sklep.metal-trade.pl\/#organization\"},\"potentialAction\":[{\"@type\":\"SearchAction\",\"target\":{\"@type\":\"EntryPoint\",\"urlTemplate\":\"https:\/\/sklep.metal-trade.pl\/?s={search_term_string}\"},\"query-input\":{\"@type\":\"PropertyValueSpecification\",\"valueRequired\":true,\"valueName\":\"search_term_string\"}}],\"inLanguage\":\"pl-PL\"},{\"@type\":\"Organization\",\"@id\":\"https:\/\/sklep.metal-trade.pl\/#organization\",\"name\":\"Hurtownia narz\u0119dzi\",\"url\":\"https:\/\/sklep.metal-trade.pl\/\",\"logo\":{\"@type\":\"ImageObject\",\"inLanguage\":\"pl-PL\",\"@id\":\"https:\/\/sklep.metal-trade.pl\/#\/schema\/logo\/image\/\",\"url\":\"https:\/\/sklep.metal-trade.pl\/wp-content\/uploads\/2020\/05\/cropped-cropped-logoSmall-1.png\",\"contentUrl\":\"https:\/\/sklep.metal-trade.pl\/wp-content\/uploads\/2020\/05\/cropped-cropped-logoSmall-1.png\",\"width\":290,\"height\":116,\"caption\":\"Hurtownia narz\u0119dzi\"},\"image\":{\"@id\":\"https:\/\/sklep.metal-trade.pl\/#\/schema\/logo\/image\/\"}}]}<\/script>\n<!-- \/ Yoast SEO plugin. -->","yoast_head_json":{"title":"No\u017ce do d\u0142utowania - elektroniczna Hurtownia narz\u0119dzi","description":"No\u017ce do d\u0142utowania w\u0142oskiej firmy REV. Najwy\u017csza jako\u015b\u0107, powlekane tlenkiem kobaltu, gwarancja najwy\u017cszej trwa\u0142o\u015bci. Doskona\u0142e parametry skrawania.","robots":{"index":"index","follow":"follow","max-snippet":"max-snippet:-1","max-image-preview":"max-image-preview:large","max-video-preview":"max-video-preview:-1"},"canonical":"https:\/\/sklep.metal-trade.pl\/","og_locale":"pl_PL","og_type":"article","og_title":"No\u017ce do d\u0142utowania - elektroniczna Hurtownia narz\u0119dzi","og_description":"No\u017ce do d\u0142utowania w\u0142oskiej firmy REV. Najwy\u017csza jako\u015b\u0107, powlekane tlenkiem kobaltu, gwarancja najwy\u017cszej trwa\u0142o\u015bci. Doskona\u0142e parametry skrawania.","og_url":"https:\/\/sklep.metal-trade.pl\/","og_site_name":"Hurtownia narz\u0119dzi","article_modified_time":"2020-05-30T22:45:03+00:00","twitter_card":"summary_large_image","twitter_misc":{"Szacowany czas czytania":"2 minuty"},"schema":{"@context":"https:\/\/schema.org","@graph":[{"@type":"WebPage","@id":"https:\/\/sklep.metal-trade.pl\/","url":"https:\/\/sklep.metal-trade.pl\/","name":"No\u017ce do d\u0142utowania - elektroniczna Hurtownia narz\u0119dzi","isPartOf":{"@id":"https:\/\/sklep.metal-trade.pl\/#website"},"primaryImageOfPage":{"@id":"https:\/\/sklep.metal-trade.pl\/#primaryimage"},"image":{"@id":"https:\/\/sklep.metal-trade.pl\/#primaryimage"},"thumbnailUrl":"https:\/\/metal-trade.pl\/wp-content\/uploads\/2015\/08\/rev.png","datePublished":"2020-05-21T13:14:00+00:00","dateModified":"2020-05-30T22:45:03+00:00","description":"No\u017ce do d\u0142utowania w\u0142oskiej firmy REV. Najwy\u017csza jako\u015b\u0107, powlekane tlenkiem kobaltu, gwarancja najwy\u017cszej trwa\u0142o\u015bci. Doskona\u0142e parametry skrawania.","breadcrumb":{"@id":"https:\/\/sklep.metal-trade.pl\/#breadcrumb"},"inLanguage":"pl-PL","potentialAction":[{"@type":"ReadAction","target":["https:\/\/sklep.metal-trade.pl\/"]}]},{"@type":"ImageObject","inLanguage":"pl-PL","@id":"https:\/\/sklep.metal-trade.pl\/#primaryimage","url":"https:\/\/metal-trade.pl\/wp-content\/uploads\/2015\/08\/rev.png","contentUrl":"https:\/\/metal-trade.pl\/wp-content\/uploads\/2015\/08\/rev.png"},{"@type":"BreadcrumbList","@id":"https:\/\/sklep.metal-trade.pl\/#breadcrumb","itemListElement":[{"@type":"ListItem","position":1,"name":"Strona g\u0142\u00f3wna","item":"https:\/\/sklep.metal-trade.pl\/"},{"@type":"ListItem","position":2,"name":"No\u017ce do d\u0142utowania"}]},{"@type":"WebSite","@id":"https:\/\/sklep.metal-trade.pl\/#website","url":"https:\/\/sklep.metal-trade.pl\/","name":"Hurtownia narz\u0119dzi","description":"do obr\u00f3bki skrawaniem","publisher":{"@id":"https:\/\/sklep.metal-trade.pl\/#organization"},"potentialAction":[{"@type":"SearchAction","target":{"@type":"EntryPoint","urlTemplate":"https:\/\/sklep.metal-trade.pl\/?s={search_term_string}"},"query-input":{"@type":"PropertyValueSpecification","valueRequired":true,"valueName":"search_term_string"}}],"inLanguage":"pl-PL"},{"@type":"Organization","@id":"https:\/\/sklep.metal-trade.pl\/#organization","name":"Hurtownia narz\u0119dzi","url":"https:\/\/sklep.metal-trade.pl\/","logo":{"@type":"ImageObject","inLanguage":"pl-PL","@id":"https:\/\/sklep.metal-trade.pl\/#\/schema\/logo\/image\/","url":"https:\/\/sklep.metal-trade.pl\/wp-content\/uploads\/2020\/05\/cropped-cropped-logoSmall-1.png","contentUrl":"https:\/\/sklep.metal-trade.pl\/wp-content\/uploads\/2020\/05\/cropped-cropped-logoSmall-1.png","width":290,"height":116,"caption":"Hurtownia narz\u0119dzi"},"image":{"@id":"https:\/\/sklep.metal-trade.pl\/#\/schema\/logo\/image\/"}}]}},"jetpack_shortlink":"https:\/\/wp.me\/Pc1M9p-4t","jetpack_sharing_enabled":true,"_links":{"self":[{"href":"https:\/\/sklep.metal-trade.pl\/index.php?rest_route=\/wp\/v2\/pages\/277","targetHints":{"allow":["GET"]}}],"collection":[{"href":"https:\/\/sklep.metal-trade.pl\/index.php?rest_route=\/wp\/v2\/pages"}],"about":[{"href":"https:\/\/sklep.metal-trade.pl\/index.php?rest_route=\/wp\/v2\/types\/page"}],"author":[{"embeddable":true,"href":"https:\/\/sklep.metal-trade.pl\/index.php?rest_route=\/wp\/v2\/users\/1"}],"replies":[{"embeddable":true,"href":"https:\/\/sklep.metal-trade.pl\/index.php?rest_route=%2Fwp%2Fv2%2Fcomments&post=277"}],"version-history":[{"count":7,"href":"https:\/\/sklep.metal-trade.pl\/index.php?rest_route=\/wp\/v2\/pages\/277\/revisions"}],"predecessor-version":[{"id":417,"href":"https:\/\/sklep.metal-trade.pl\/index.php?rest_route=\/wp\/v2\/pages\/277\/revisions\/417"}],"wp:attachment":[{"href":"https:\/\/sklep.metal-trade.pl\/index.php?rest_route=%2Fwp%2Fv2%2Fmedia&parent=277"}],"curies":[{"name":"wp","href":"https:\/\/api.w.org\/{rel}","templated":true}]}}